2 + 16 + 2*o**2 - 2*o. Calculate the remainder when k(-9) is divided by 74.
71
Let q(c) = -c**3 + 14*c**2 - 5*c + 4. Let x be (-120)/45*-1*(-42)/(-8). Let f be q(x). Let n = -55 - f. What is the remainder when 54 is divided by n?
10
Suppose 8*i = 19*i + 21252. What is the remainder when (2/5)/(i/(-385) + -5) is divided by 13?
9
Let b = 508 - 535. Let z(t) = t**2 + 24*t - 3. Calculate the remainder when 285 is divided by z(b).
51
Let w = 10 + -11. Let n(t) = t**2 - 2*t - 1. Let s be n(w). Calculate the remainder when 15 is divided by (s/(-6))/(12/(-288)).
7
Let z = 43 + -43. Suppose -5*s + 21 + 164 = z. Suppose -376 = -4*t + 4*n, -55 - s = -t + 3*n. Calculate the remainder when t is divided by 27.
14
Let t(m) = 17*m**2 - 11*m - 4. Let v be t(-4). Suppose 112 = -v*a + 326*a. What is the remainder when 60 is divided by a?
4
Suppose -4*i = 5*b - 5, 5*i - 32 - 2 = 3*b. What is the remainder when 117 is divided by 57/3 - (2 + (-6 - b))?
17
Let g(a) = -15*a - 6*a + 7*a. What is the remainder when 335 is divided by g(-3)?
41
Suppose -788*p = -785*p - 363. Calculate the remainder when p is divided by 2/6 + 182/3.
60
Let s(u) = -21*u + 135. Let n be s(-8). Let m = n - 246. Calculate the remainder when 966 is divided by m.
54
Let q = 10244 - 8885. Calculate the remainder when q is divided by 4.
3
Let m = 22 - 17. Suppose 0 = -6*v + v + m. Suppose 7 = n + v. What is the remainder when 40 is divided by n?
4
Suppose -31 = -g - 12. Suppose -5*l = c - 2*c + 153, 2*l - 146 = -c. What is the remainder when c is divided by g?
15
Let g = 7 + 4. Let j = -355 - -429. Calculate the remainder when j is divided by g.
8
Let i = -731 - -1106. Let a = -210 + i. What is the remainder when a is divided by 43?
36
Calculate the remainder when 555 is divided by (1/((-2)/12) - (-32 - -33)) + 21.
9
Suppose 3*h - 5*c - 159 + 58 = 0, -3*h - 7*c = -53. Calculate the remainder when 340 is divided by h.
16
Let l(v) = v**3 - 6*v**2 + 12*v - 10. Let y be l(4). Suppose y*k - 1076 = 370. What is the remainder when k is divided by 64?
49
Suppose 2*i = -4*v + 2286, 1128 = -127*v + 129*v - 2*i. What is the remainder when v is divided by 22?
19
Let d(u) be the first derivative of -u**4/4 - 8*u**3/3 - 15*u**2/2 - 43*u - 179. What is the remainder when 180 is divided by d(-7)?
11
Suppose 3*c = -5*r + 22, r - 35 + 26 = 4*c. Calculate the remainder when 543 is divided by (3/r - 10/(-25)) + 67.
67
Let b(n) = n**3 - 3*n - 4. Let d be b(4). Suppose -2*u - d + 172 = 0. Suppose -7*g = -u - 211. Calculate the remainder when g is divided by 14.
11
Let l(y) = -y**3 - 37*y**2 + 54*y - 151. What is the remainder when l(-41) is divided by 64?
7
Let v = -25 - 26. Let m = 43 + v. Let i = 27 + m. Calculate the remainder when i is divided by 11.
8
Let c = -20759 - -52089. Calculate the remainder when c is divided by 17.
16
Suppose -4 = -5*m + 11. Suppose -m*v = 9*v - 2*v. What is the remainder when 59 - (v + -2 + 1) is divided by 16?
12
Suppose -208 = -5*u - 4*v - 44, -3*u - 4*v + 108 = 0. Suppose 0 = n - 0*n. Suppose -304 = -4*g - n*g. Calculate the remainder when g is divided by u.
20
Let o be -6 - (2 + -1)*-3. Let v(j) = -4*j - 9. What is the remainder when 4/2 + (147 + o)/2 is divided by v(-6)?
14
Let m(i) = -i**3 + 10*i**2 + 22*i + 23. Let t be m(12). Let z be (-1)/2 - ((-597)/6 + t). Let w = -50 + z. What is the remainder when 199 is divided by w?
49
Let c be 8388/396 - (-2)/(-11). Suppose c*l = 30*l - 144. Suppose 0*z + 4*h = -5*z + 15, 6 = 2*z + 3*h. What is the remainder when l is divided by z?
1
Let g = 4521 - 3600. Calculate the remainder when g is divided by 25.
21
Suppose -3*t + 4*b + 15126 - 4729 = 0, 3510 = t + 5*b. Calculate the remainder when t is divided by 158.
157
Let a(u) = -27*u - 216. Let s be a(-23). Suppose 2442 = 7*o + s. What is the remainder when o is divided by 59?
55
Let x(q) = -q**3 - 27*q**2 + 106*q + 577. Let z be x(-30). Suppose -2*d = -3 + 137. Let a = z + d. Calculate the remainder when a is divided by 22.
8
Suppose -4*z - 11 - 7 = 3*h, -4*h - 23 = 5*z. Let c be 4 - 4 - z - -2. Suppose c*d = -y - 18 - 0, 2*y + d = 0. Calculate the remainder when 5 is divided by y.
1
Let a = -4933 - -5000. What is the remainder when a is divided by 33?
1
What is the remainder when 7279 is divided by 181 + ((-9)/1 - (-100)/10)?
181
Suppose -5*d + 37 = 2*m, 2*m = -1 + 3. Let x = -320 - -320. Let j = d + x. Calculate the remainder when 61 is divided by j.
5
Suppose 0 = 4*w + 32*i - 34*i - 286, 0 = w - 4*i - 75. What is the remainder when 381 is divided by w?
26
Calculate the remainder when 1384 is divided by 1*3*(2365/33 - 6).
5
Let k(u) = -u**2 - 12*u - 22. Let b be k(-9). Suppose -147 + 442 = b*a. Suppose 30*g - 5*g - 525 = 0. Calculate the remainder when a is divided by g.
17
Let s(f) = f**3 + 14*f**2 - 28*f - 1. What is the remainder when s(-15) is divided by 14?
12
Calculate the remainder when -14*49975/(-1750) - ((-3)/5)/3 is divided by 15.
10
Let h(l) = -8*l - 17. Suppose 427 = 3*c + a - 478, 0 = 5*c - 5*a - 1475. Suppose 7*i - c = 2*i. What is the remainder when i is divided by h(-3)?
4
Let d(u) = 2*u + 21. Let n = 58 + -7. Let r = -59 + n. Calculate the remainder when d(r) is divided by 5.
0
Suppose 0 = 7*p - 128 - 89. Let k(h) = 5*h**2 - 9*h + 12. Suppose -4 + 9 = l. What is the remainder when k(l) is divided by p?
30
Let l = -144 - -205. Let f be l/(102/156 + 4/(-26)). Suppose f - 2 = 8*w. What is the remainder when 43 is divided by w?
13
Let i = -375 + 486. Let b = i - 92. What is the remainder when (-6)/(-21) + 1004/14 is divided by b?
15
Suppose -41*j = -10*j + 69*j - 4400. What is the remainder when 2 - 127/((-2)/2) is divided by j?
41
Suppose t + 245 = 5*g, -4*g - 1177*t + 207 = -1180*t. Calculate the remainder when 940 is divided by g.
28
Let q = 12 + 33. Suppose -3*t + 3*m + 1221 = 0, -3*t - 5*m + 1225 = -9*m. Calculate the remainder when t is divided by q.
43
Suppose -4*d - 4*m = -8416, 660*m - 665*m = 4*d - 8415. Calculate the remainder when d is divided by 49.
47
Let l(x) = 189*x - 3957. Let o(v) = 4*v - 7. What is the remainder when o(13) is divided by l(21)?
9
What is the remainder when (10830/(-7))/(-3) - (-48)/168 is divided by 126?
12
Suppose -231 = -2*r - 5*i, i = -3*r - 0*i + 314. Suppose c - 311 = -4*v, -845*v + 840*v - 293 = -c. Calculate the remainder when c is divided by r.
97
Suppose -11*q + 10*q + 31 = -0*q. What is the remainder when 550 is divided by q?
23
Let o = -3440 - -4610. Calculate the remainder when o is divided by 131.
122
Suppose -50 + 59 = 3*z. Suppose -z*k = 4*p - 86, k - p - 16 = 4*p. Let q = -22 + k. Calculate the remainder when 11 is divided by q.
3
Let c(y) = -7*y + 15. Let s be c(2). Calculate the remainder when 34 is divided by (s + 20/(-2))*-1.
7
Let g be 95 + 0/(-2) - -1. Suppose -299*t - 12911 = -3442 + 12657. Let d = g + t. What is the remainder when 87 is divided by d?
21
Let b(d) be the third derivative of -d**4/24 + 15*d**3/2 - 4*d**2. Suppose 37 = -7*f + 156. What is the remainder when 165 is divided by b(f)?
25
Suppose -4976 + 13040 = 56*k. What is the remainder when 409 is divided by k?
121
Let w(g) = 72*g**2 - 15*g + 30. Let x be w(4). Let s = x - 793. What is the remainder when s is divided by 15?
14
Let v(h) = -2*h - 2. Let r(u) = 4*u - 295. Let j be r(-33). Let q = 443 + j. What is the remainder when q is divided by v(-4)?
4
Let c(w) = 89*w - 447. What is the remainder when c(6) is divided by 21?
3
Let u(y) = -2*y**2 - 25*y - 74. Let p be u(-17). Let g = 238 + p. Let b(t) = 2*t**2 + 6*t. Calculate the remainder when g is divided by b(-4).
3
Calculate the remainder when 188 is divided by ((-23870)/(-33))/(-14)*12/(-10).
2
Let n(p) be the third derivative of 0 - 5/24*p**4 + 3*p**2 + 0*p - 11/3*p**3. Calculate the remainder when 45 is divided by n(-9).
22
Let q = -50669 - -50678. Suppose 154 + 42 = 2*f. Let x = -54 + f. Calculate the remainder when x is divided by q.
8
Let n = 53 - 95. Let j = n - -44. Suppose -50 = -4*m + j. What is the remainder when 64 is divided by m?
12
Suppose -4*p = 2*r - 24, 0 = 19*r - 23*r + 8. Calculate the remainder when 52 is divided by p.
2
Suppose -372*b + 229679 + 109528 = 169*b. Calculate the remainder when b is divided by 71.
59
Let b(q) = 1157*q + 445. What is the remainder when b(1) is divi